ate the remainder when 414365 is divided by 3262.
91
Calculate the remainder when 13393065 is divided by 56.
49
Calculate the remainder when 689588 is divided by 8111.
153
Calculate the remainder when 536019299 is divided by 8.
3
Calculate the remainder when 22902885 is divided by 5725714.
29
What is the remainder when 7043557 is divided by 33863?
53
Calculate the remainder when 2086242 is divided by 4796.
4778
Calculate the remainder when 2513175 is divided by 18753.
273
Calculate the remainder when 223288 is divided by 55816.
24
What is the remainder when 8092 is divided by 7747?
345
What is the remainder when 3630493 is divided by 100846?
37
Calculate the remainder when 99682 is divided by 761.
752
Calculate the remainder when 25840797 is divided by 20.
17
What is the remainder when 967825 is divided by 161297?
43
What is the remainder when 183926874 is divided by 797?
793
Calculate the remainder when 53432685 is divided by 48.
45
Calculate the remainder when 158304 is divided by 113.
104
What is the remainder when 79776919 is divided by 8864101?
10
Calculate the remainder when 143463926 is divided by 3678562.
8
Calculate the remainder when 2918797 is divided by 1001.
882
Calculate the remainder when 5682044 is divided by 101465.
4
Calculate the remainder when 448945157 is divided by 362.
359
Calculate the remainder when 534441 is divided by 853.
463
Calculate the remainder when 475067 is divided by 2684.
2683
Calculate the remainder when 14772 is divided by 3652.
164
Calculate the remainder when 52345237 is divided by 11.
10
What is the remainder when 188633 is divided by 16993?
1710
What is the remainder when 112572 is divided by 55768?
1036
Calculate the remainder when 3442832 is divided by 23.
8
What is the remainder when 28066692 is divided by 3118520?
12
Calculate the remainder when 158281 is divided by 497.
235
What is the remainder when 566499 is divided by 168?
3
Calculate the remainder when 4443089 is divided by 20474.
231
What is the remainder when 135518 is divided by 3474?
32
What is the remainder when 2965255 is divided by 1482574?
107
What is the remainder when 20399241 is divided by 318738?
9
What is the remainder when 81035301 is divided by 81035296?
5
What is the remainder when 25836 is divided by 6352?
428
What is the remainder when 79530325 is divided by 330?
325
What is the remainder when 14736251 is divided by 7368043?
165
Calculate the remainder when 329665 is divided by 21970.
115
Calculate the remainder when 3521853 is divided by 884.
881
Calculate the remainder when 1463981 is divided by 9959.
8
What is the remainder when 588198 is divided by 58808?
118
What is the remainder when 369440431 is divided by 262?
257
Calculate the remainder when 450448 is divided by 11508.
1636
What is the remainder when 390546 is divided by 214?
210
Calculate the remainder when 54677 is divided by 3175.
702
What is the remainder when 107237 is divided by 467?
294
What is the remainder when 124025772 is divided by 3875805?
12
Calculate the remainder when 26841018 is divided by 294.
288
What is the remainder when 493713 is divided by 465?
348
What is the remainder when 40564197 is divided by 654261?
15
Calculate the remainder when 2229149 is divided by 66.
65
What is the remainder when 21853043 is divided by 120735?
8
Calculate the remainder when 30899774 is divided by 47.
0
What is the remainder when 8408455 is divided by 52?
3
Calculate the remainder when 2421561 is divided by 223.
4
Calculate the remainder when 1503449188 is divided by 11862.
11860
Calculate the remainder when 7670040 is divided by 17.
14
Calculate the remainder when 325249 is divided by 1396.
1377
Calculate the remainder when 2213754 is divided by 92238.
42
What is the remainder when 30417458 is divided by 204144?
2
Calculate the remainder when 10838782 is divided by 264.
262
Calculate the remainder when 709073999 is divided by 4500.
4499
What is the remainder when 73054283 is divided by 138?
119
What is the remainder when 421177 is divided by 614?
587
What is the remainder when 22993 is divided by 202?
167
What is the remainder when 1491673 is divided by 132?
73
What is the remainder when 3665948 is divided by 30803?
391
What is the remainder when 1226107 is divided by 781?
718
Calculate the remainder when 17912112 is divided by 4083.
4074
What is the remainder when 2434911 is divided by 115?
16
What is the remainder when 68980081 is divided by 21?
16
What is the remainder when 5563306 is divided by 860?
826
Calculate the remainder when 12061976 is divided by 14.
10
Calculate the remainder when 224278 is divided by 74171.
1765
Calculate the remainder when 231272102 is divided by 3139.
3138
Calculate the remainder when 21609215 is divided by 2712.
2711
What is the remainder when 466901 is divided by 116700?
101
What is the remainder when 19142152 is divided by 2734589?
29
What is the remainder when 419094325 is divided by 15?
10
Calculate the remainder when 13215 is divided by 3941.
1392
What is the remainder when 19230224 is divided by 9615091?
42
Calculate the remainder when 11035385 is divided by 86.
37
What is the remainder when 6727738 is divided by 46398?
28
Calculate the remainder when 871641585 is divided by 3462.
3459
What is the remainder when 7086847 is divided by 256?
255
What is the remainder when 45402452 is divided by 187?
161
What is the remainder when 4561588 is divided by 494?
486
Calculate the remainder when 183775 is divided by 12154.
1465
What is the remainder when 1506930 is divided by 11416?
18
What is the remainder when 2543626 is divided by 1024?
10
What is the remainder when 1202455 is divided by 13070?
15
Calculate the remainder when 208522766 is divided by 502.
500
Calculate the remainder when 136244 is divided by 28.
24
Calculate the remainder when 431744 is divided by 215822.
100
Calculate the remainder when 63931210 is divided by 9049.
25
What is the remainder when 1501904 is divided by 53630?
264
What is the remainder when 4171034 is divided by 298?
226
Calculate the remainder when 803881 is divided by 30.
1
What is the remainder when 233166 is divided by 12267?
93
What is the remainder when 8773444 is divided by 16098?
34
Calculate the remainder when 3011591 is divided by 16731.
11
What is the remainder when 610786 is divided by 6429?
31
Calculate the remainder when 256388961 is divided by 13.
10
What is the remainder when 2422914 is divided by 29?
22
Calculate the remainder when 7564938 is divided by 4152.
4146
Calculate the remainder when 432297 is divided by 376.
273
Calculate the remainder when 4655846 is divided by 54.
20
Calculate the remainder when 19952 is divided by 2250.
1952
Calculate the remainder when 1042844151 is divided by 2046.
2043
What is the remainder when 105949 is divided by 864?
541
Calculate the remainder when 453498 is divided by 14130.
1338
Calculate the remainder when 205282 is divided by 4634.
1386
Calculate the remainder when 95725 is divided by 47646.
433
What is the remainder when 3206941 is divided by 4?
1
What is the remainder when 95638 is divided by 3024?
1894
Calculate the remainder when 4249167 is divided by 297.
285
Calculate the remainder when 108620 is divided by 431.
8
Calculate the remainder when 116564 is divided by 8932.
448
What is the remainder when 65079903 is divided by 2317?
7
Calculate the remainder when 41801328 is divided by 302.
300
What is the remainder when 53118735 is divided by 15660?
15
What is the remainder when 290718 is divided by 2343?
186
What is the remainder when 430775 is divided by 430755?
20
Calculate the remainder when 21007996 is divided by 7002646.
58
Calculate the remainder when 580149 is divided by 3136.
3125
Calculate the remainder when 12452694 is divided by 60.
54
What is the remainder when 266883680 is divided by 562?
558
What is the remainder when 962289 is divided by 481139?
11
Calculate the remainder when 12878741 is divided by 8.
5
Calculate the remainder when 218432 is divided by 217389.
1043
Calculate the remainder when 188578844 is divided by 8349.
8330
What is the remainder when 20486910 is divided by 3374?
3356
What is the remainder when 7073598 is divided by 447?
270
Calculate the remainder when 169298 is divided by 10.
8
What is the remainder 